{"id":16,"date":"2017-02-28T19:22:23","date_gmt":"2017-02-28T18:22:23","guid":{"rendered":"http:\/\/alexandra-kromus.at\/wordpress\/?page_id=16"},"modified":"2023-02-10T16:38:34","modified_gmt":"2023-02-10T15:38:34","slug":"startseite","status":"publish","type":"page","link":"http:\/\/alexandra-kromus.at\/wordpress\/","title":{"rendered":"Startseite"},"content":{"rendered":"<p>Willkommen bei Alexandra Kromus Fotografie.<\/p>\n<p>Portraitfotos, Pressefotos, PR Fotos, Fotos von Veranstaltungen, Tagungen, Konferenzen, Architekturfotos oder Stilllife Fotos, profitieren Sie von meiner langj\u00e4hrigen Erfahrung und meiner Professionalit\u00e4t.<\/p>\n<p>Meine aktuellsten Arbeiten finden Sie auf meinen Social Media Kan\u00e4len. Folgen Sie mir doch auf <a href=\"https:\/\/www.facebook.com\/alexandra.kromus\" target=\"_blank\" rel=\"noopener\">Facebook<\/a> oder <a href=\"https:\/\/www.instagram.com\/alexandrakromus\/\" target=\"_blank\" rel=\"noopener\">Instagram<\/a>!<\/p>\n","protected":false},"excerpt":{"rendered":"<p>Willkommen bei Alexandra Kromus Fotografie. Portraitfotos, Pressefotos, PR Fotos, Fotos von Veranstaltungen, Tagungen, Konferenzen, Architekturfotos oder Stilllife Fotos, profitieren Sie von meiner langj\u00e4hrigen Erfahrung und meiner Professionalit\u00e4t. Meine aktuellsten Arbeiten finden Sie auf meinen Social Media Kan\u00e4len. Folgen Sie mir doch auf Facebook oder Instagram!<\/p>\n","protected":false},"author":1,"featured_media":43,"parent":0,"menu_order":0,"comment_status":"closed","ping_status":"closed","template":"","meta":[],"_links":{"self":[{"href":"http:\/\/alexandra-kromus.at\/wordpress\/wp-json\/wp\/v2\/pages\/16"}],"collection":[{"href":"http:\/\/alexandra-kromus.at\/wordpress\/wp-json\/wp\/v2\/pages"}],"about":[{"href":"http:\/\/alexandra-kromus.at\/wordpress\/wp-json\/wp\/v2\/types\/page"}],"author":[{"embeddable":true,"href":"http:\/\/alexandra-kromus.at\/wordpress\/wp-json\/wp\/v2\/users\/1"}],"replies":[{"embeddable":true,"href":"http:\/\/alexandra-kromus.at\/wordpress\/wp-json\/wp\/v2\/comments?post=16"}],"version-history":[{"count":6,"href":"http:\/\/alexandra-kromus.at\/wordpress\/wp-json\/wp\/v2\/pages\/16\/revisions"}],"predecessor-version":[{"id":118,"href":"http:\/\/alexandra-kromus.at\/wordpress\/wp-json\/wp\/v2\/pages\/16\/revisions\/118"}],"wp:featuredmedia":[{"embeddable":true,"href":"http:\/\/alexandra-kromus.at\/wordpress\/wp-json\/wp\/v2\/media\/43"}],"wp:attachment":[{"href":"http:\/\/alexandra-kromus.at\/wordpress\/wp-json\/wp\/v2\/media?parent=16"}],"curies":[{"name":"wp","href":"https:\/\/api.w.org\/{rel}","templated":true}]}}